common factor of 119184 and 9360?
624
What is the highest common divisor of 8378 and 1888?
118
What is the greatest common divisor of 350103 and 78?
39
What is the greatest common divisor of 22515 and 4582?
79
Calculate the greatest common factor of 298536 and 168.
168
Calculate the greatest common factor of 2250614 and 118.
118
What is the highest common factor of 413 and 17818?
59
What is the highest common divisor of 857599 and 17?
17
Calculate the highest common factor of 314337 and 3.
3
Calculate the greatest common divisor of 836 and 84227.
209
What is the highest common factor of 625 and 650?
25
What is the highest common divisor of 150270 and 210?
30
What is the greatest common factor of 428 and 227696?
428
Calculate the greatest common factor of 7080 and 4071.
177
Calculate the greatest common factor of 480660 and 60.
60
Calculate the greatest common factor of 12036 and 15930.
354
Calculate the highest common factor of 263510 and 650.
130
Calculate the greatest common factor of 176168 and 7942.
722
Calculate the highest common factor of 75 and 1067225.
25
What is the greatest common divisor of 4 and 23524?
4
What is the highest common factor of 330590 and 520?
130
What is the greatest common factor of 3950 and 1817?
79
Calculate the greatest common factor of 18550 and 490.
70
Calculate the highest common divisor of 3278 and 11462.
22
What is the greatest common divisor of 3300 and 102?
6
Calculate the highest common divisor of 108 and 12372.
12
Calculate the greatest common divisor of 9262 and 104408.
842
Calculate the greatest common factor of 128206 and 182.
26
What is the greatest common divisor of 4649 and 2?
1
Calculate the highest common factor of 94 and 33830224.
94
Calculate the greatest common factor of 45 and 2040.
15
Calculate the highest common divisor of 562082 and 7871.
463
What is the greatest common divisor of 130 and 53885?
65
Calculate the highest common factor of 2744 and 335454.
686
Calculate the greatest common divisor of 98770 and 1330.
70
What is the highest common divisor of 5355 and 260505?
315
Calculate the highest common factor of 15770 and 50.
10
What is the greatest common factor of 24492 and 260?
52
What is the highest common divisor of 2116 and 1165387?
529
Calculate the greatest common divisor of 1100 and 719444.
44
What is the highest common factor of 55859 and 332?
83
What is the highest common factor of 13742 and 62?
2
What is the highest common factor of 913919 and 1648?
103
Calculate the highest common factor of 13468 and 5957.
259
Calculate the greatest common factor of 283889 and 621.
23
What is the highest common divisor of 50640 and 34800?
240
Calculate the greatest common factor of 238 and 4172.
14
What is the highest common factor of 150 and 1675?
25
What is the highest common factor of 2111364 and 36?
36
Calculate the greatest common divisor of 13803 and 344.
43
Calculate the greatest common divisor of 238 and 425782.
238
Calculate the highest common factor of 4 and 1319212.
4
Calculate the highest common factor of 10270 and 1170.
130
Calculate the highest common divisor of 31484 and 3400.
68
Calculate the highest common factor of 209 and 1271993.
19
Calculate the greatest common divisor of 1009255 and 15.
5
What is the greatest common divisor of 3061 and 5?
1
Calculate the highest common divisor of 540 and 194580.
180
Calculate the highest common factor of 3497 and 221.
13
Calculate the greatest common factor of 1956 and 17760.
12
Calculate the greatest common factor of 18116 and 1372.
28
What is the greatest common factor of 314358 and 18?
6
Calculate the greatest common factor of 1368950 and 100.
50
Calculate the highest common divisor of 128721 and 8453.
107
What is the highest common divisor of 130397 and 76?
19
Calculate the greatest common divisor of 1085 and 403.
31
What is the greatest common factor of 472 and 529348?
236
Calculate the highest common divisor of 73 and 39931.
73
What is the highest common divisor of 146069 and 5149?
271
Calculate the greatest common factor of 39421 and 1027.
79
What is the greatest common divisor of 16798 and 1135?
227
Calculate the highest common factor of 23901119 and 11.
11
What is the greatest common factor of 198365 and 409?
409
What is the highest common factor of 531904 and 64?
64
Calculate the highest common divisor of 31646 and 1.
1
Calculate the greatest common factor of 52575 and 25.
25
What is the highest common divisor of 1545 and 1318915?
515
Calculate the highest common factor of 150300 and 14100.
300
What is the greatest common divisor of 432707 and 2264?
283
Calculate the highest common divisor of 243417 and 123.
123
Calculate the greatest common divisor of 1644 and 71103.
411
What is the highest common divisor of 233145 and 157?
157
What is the greatest common factor of 1696 and 2489516?
212
What is the greatest common factor of 89726 and 70?
14
What is the greatest common divisor of 26 and 233909?
13
What is the greatest common factor of 147 and 9219?
21
Calculate the greatest common divisor of 1057067 and 22.
11
What is the highest common divisor of 127 and 3860419?
127
Calculate the highest common divisor of 13812 and 60.
12
Calculate the greatest common factor of 166 and 1680501.
83
What is the highest common factor of 6 and 137958?
6
What is the greatest common factor of 277230 and 15?
15
What is the greatest common factor of 189 and 100251?
27
Calculate the greatest common factor of 1457514 and 24.
6
What is the highest common divisor of 56 and 6869324?
28
Calculate the highest common factor of 3932266 and 26.
26
Calculate the highest common divisor of 1892 and 1408.
44
Calculate the greatest common factor of 78784 and 16.
16
What is the greatest common factor of 3485 and 3280?
205
Calculate the greatest common factor of 312066 and 54.
54
What is the highest common factor of 388 and 11264?
4
Calculate the highest common divisor of 61 and 989603.
61
What is the greatest common divisor of 425 and 765?
85
Calculate the greatest common divisor of 11024 and 112.
16
Calculate the highest common factor of 215 and 3355.
5
Calculate the greatest common divisor of 36 and 3396.
12
What is the highest common factor of 2976 and 8328?
24
Calculate the highest common divisor of 796692 and 6.
6
What is the greatest common divisor of 455 and 542815?
455
What is the greatest common divisor of 742 and 1624?
14
Calculate the highest common factor of 1492 and 1239106.
746
What is the highest common factor of 889 and 4255643?
889
What is the greatest common factor of 1015 and 3947770?
145
What is the highest common divisor of 45 and 19053?
9
Calculate the greatest common factor of 60 and 160.
20
What is the greatest common divisor of 720264 and 360?
24
Calculate the highest common factor of 7659 and 23391.
207
What is the greatest common divisor of 21441 and 147?
21
What is the highest common factor of 3 and 1377903?
3
What is the highest common factor of 34397 and 295?
59
What is the greatest common factor of 342 and 226053?
9
What is the highest common factor of 130879 and 98?
49
What is the greatest common factor of 132 and 202697?
11
What is the greatest common divisor of 56635 and 4820?
1205
What is the greatest common divisor of 186305 and 70?
35
What is the greatest common divisor of 20976064 and 64?
64
Calculate the greatest common factor of 47430 and 1870.
170
Calculate the greatest common factor of 72666 and 306.
18
What is the highest common divisor of 668743 and 5795?
1159
What is the highest common factor of 360 and 105460?
20
Calculate the greatest common divisor of 260425 and 33.
11
Calculate the greatest common divisor of 1 and 21134.
1
Calculate the greatest common factor of 798144 and 480.
96
What is the highest common factor of 24 and 233652?
12
Calculate the greatest common factor of 370079 and 1957.
103
What is the highest common divisor of 165 and 1605505?
55
Calculate the highest common factor of 124 and 109926.
62
What is the greatest common factor of 14553 and 14256?
297
Calculate the highest common divisor of 271225 and 10.
5
Calculate the highest common factor of 607 and 1009441.
607
Calculate the highest common divisor of 1330 and 32270.
70
What is the greatest common divisor of 1034 and 31678?
94
Calculate the grea